reds digit of 793?
7
What is the tens digit of 30546?
4
What is the thousands digit of 1453?
1
What is the tens digit of 1331?
3
What is the thousands digit of 152685?
2
What is the hundreds digit of 36501?
5
What is the units digit of 25384?
4
What is the hundreds digit of 1399?
3
What is the thousands digit of 1399?
1
What is the hundreds digit of 87375?
3
What is the thousands digit of 9144?
9
What is the thousands digit of 49003?
9
What is the hundreds digit of 3050?
0
What is the tens digit of 40647?
4
What is the units digit of 2148?
8
What is the hundreds digit of 2962?
9
What is the hundreds digit of 2096?
0
What is the hundreds digit of 93328?
3
What is the units digit of 699?
9
What is the tens digit of 3985?
8
What is the hundreds digit of 1230?
2
What is the hundreds digit of 12414?
4
What is the tens digit of 2905?
0
What is the hundreds digit of 2566?
5
What is the thousands digit of 2366?
2
What is the hundreds digit of 8278?
2
What is the ten thousands digit of 16706?
1
What is the hundreds digit of 1397?
3
What is the tens digit of 10144?
4
What is the ten thousands digit of 22482?
2
What is the hundreds digit of 75367?
3
What is the thousands digit of 45131?
5
What is the hundreds digit of 13763?
7
What is the tens digit of 2390?
9
What is the hundreds digit of 82621?
6
What is the ten thousands digit of 35317?
3
What is the tens digit of 35618?
1
What is the hundreds digit of 12031?
0
What is the tens digit of 78953?
5
What is the tens digit of 40350?
5
What is the units digit of 3885?
5
What is the tens digit of 936?
3
What is the thousands digit of 1930?
1
What is the thousands digit of 2245?
2
What is the tens digit of 29757?
5
What is the tens digit of 2024?
2
What is the units digit of 2343?
3
What is the tens digit of 411?
1
What is the units digit of 694?
4
What is the hundreds digit of 4809?
8
What is the units digit of 3195?
5
What is the units digit of 1274?
4
What is the hundreds digit of 15873?
8
What is the hundred thousands digit of 103253?
1
What is the units digit of 1707?
7
What is the hundreds digit of 14822?
8
What is the units digit of 3373?
3
What is the hundreds digit of 800?
8
What is the hundreds digit of 41005?
0
What is the units digit of 5032?
2
What is the thousands digit of 5886?
5
What is the units digit of 5264?
4
What is the thousands digit of 28652?
8
What is the thousands digit of 107291?
7
What is the units digit of 19410?
0
What is the units digit of 2166?
6
What is the tens digit of 52627?
2
What is the tens digit of 30989?
8
What is the tens digit of 2482?
8
What is the thousands digit of 3561?
3
What is the units digit of 1218?
8
What is the units digit of 1083?
3
What is the hundreds digit of 5435?
4
What is the units digit of 7269?
9
What is the ten thousands digit of 110558?
1
What is the thousands digit of 5184?
5
What is the hundreds digit of 4223?
2
What is the tens digit of 6306?
0
What is the hundreds digit of 1360?
3
What is the thousands digit of 3594?
3
What is the units digit of 358?
8
What is the ten thousands digit of 16617?
1
What is the units digit of 68353?
3
What is the units digit of 873?
3
What is the tens digit of 170?
7
What is the hundreds digit of 831?
8
What is the units digit of 6260?
0
What is the thousands digit of 9241?
9
What is the hundreds digit of 22321?
3
What is the hundreds digit of 23237?
2
What is the units digit of 31011?
1
What is the units digit of 263?
3
What is the thousands digit of 5034?
5
What is the ten thousands digit of 14827?
1
What is the ten thousands digit of 41450?
4
What is the tens digit of 2144?
4
What is the hundreds digit of 30954?
9
What is the tens digit of 69689?
8
What is the tens digit of 875?
7
What is the tens digit of 1342?
4
What is the units digit of 99694?
4
What is the thousands digit of 3572?
3
What is the tens digit of 320?
2
What is the hundreds digit of 2009?
0
What is the thousands digit of 1307?
1
What is the hundreds digit of 99194?
1
What is the units digit of 2085?
5
What is the thousands digit of 12711?
2
What is the tens digit of 6866?
6
What is the tens digit of 2266?
6
What is the tens digit of 423?
2
What is the tens digit of 60518?
1
What is the thousands digit of 51900?
1
What is the thousands digit of 2867?
2
What is the tens digit of 164?
6
What is the units digit of 2230?
0
What is the units digit of 3339?
9
What is the thousands digit of 10508?
0
What is the hundreds digit of 3711?
7
What is the hundreds digit of 2254?
2
What is the tens digit of 147624?
2
What is the tens digit of 66018?
1
What is the thousands digit of 1782?
1
What is the ten thousands digit of 44513?
4
What is the thousands digit of 26171?
6
What is the units digit of 532?
2
What is the ten thousands digit of 28360?
2
What is the thousands digit of 4809?
4
What is the hundreds digit of 6558?
5
What is the hundreds digit of 845?
8
What is the hundreds digit of 2679?
6
What is the hundreds digit of 17413?
4
What is the ten thousands digit of 25384?
2
What is the hundreds digit of 724?
7
What is the tens digit of 486?
8
What is the units digit of 390?
0
What is the units digit of 18977?
7
What is the thousands digit of 1021?
1
What is the units digit of 4647?
7
What is the tens digit of 92940?
4
What is the tens digit of 36644?
4
What is the tens digit of 148?
4
What is the units digit of 2081?
1
What is the hundreds digit of 1924?
9
What is the thousands digit of 3377?
3
What is the thousands digit of 1418?
1
What is the ten thousands digit of 124214?
2
What is the units digit of 956?
6
What is the units digit of 14225?
5
What is the ten thousands digit of 11319?
1
What is the tens digit of 2330?
3
What is the ten thousands digit of 17729?
1
What is the units digit of 27010?
0
What is the thousands digit of 10359?
0
What is the units digit of 920?
0
What is the hundreds digit of 12610?
6
What is the units digit of 47102?
2
What is the units digit of 7520?
0
What is the hundreds digit of 705?
7
What is the tens digit of 3349?
4
What is the units digit of 8228?
8
What is the units digit of 6402?
2
What is the hundreds digit of 5957?
9
What is the tens digit of 608?
0
What is the ten thousands digit of 17720?
1
What is the thousands digit of 10351?
0
What is the hundreds digit of 1270?
2
What is the ten thousands digit of 54841?
5
What is the tens digit of 18483?
8
What is the ten thousands digit of 11370?
1
What is the thousands digit of 3803?
3
What is the units digit of 40833?
3
What is the thousands digit of 1694?
1
What is the tens digit of 1434?
3
What is the units digit of 7428?
8
What is the tens digit of 151823?
2
What is the tens digit of 47656?
5
What is the hundreds digit of 24160?
1
What is the ten thousands digit of 20419?
2
What is the hundreds digit of 488?
4
What is the tens digit of 1811?
1
What is the hundreds digit of 26395?
3
What is the thousands digit of 14959?
4
What is the units digit of 13217?
7
What is the hundreds digit of 19854?
8
What is the units digit of 167922?
2
What is the tens digit of 7316?
1
What is the thousands digit of 1047?
1
What is the hundreds digit of 77034?
0
What is the thousands digit of 1306?
1
What is the units digit of 2178?
8
What is the tens digit of 7747?
4
What is the tens digit of 3214?
1
What is the tens digit of 10435?
3
What is the tens digit of 1583?
8
What is the tens digit of 996?
9
What is the tens digit of 6959?
5
What is the hundreds digit of 6181?
1
What is the ten thousands digit of 85416?
8
What is the hundreds digit of 5143?
1
What is the ten thousands digit of 35440?
3
What is the tens digit of 5022?
2
What is the tens digit of 5949?
4
What is the units digit of 4?
4
What is the tens digit of 57?
5
What is the hundreds digit of 1150?
1
What is the tens digit of 15235?
3
What is the thousands digit of 6313?
6
What is the tens digit of 8772?
7
What is the thousands digit of 8962?
8
What is the tens digit of 479?
7
What is the hundreds digit of 5763?
7
What is the tens digit of 210422?
2
What is the thousands digit of 4496?
4
What is the hundreds digit of 2839?
8
What is the ten thousands digit of 14032?
1
What is the thousands digit of 8359?
8
What is the hundreds digit of 6846?
8
What is the hundreds digit of 17194?
1
What is the thousands digit of 21064?
1
W